 base 10?
1
-6 (base 7) to base 11
-6
Convert -10110 (base 2) to base 9.
-24
Convert -22 (base 7) to base 2.
-10000
What is 10 (base 2) in base 5?
2
-26 (base 10) to base 13
-20
What is -230 (base 10) in base 13?
-149
Convert -2 (base 13) to base 5.
-2
-c5 (base 16) to base 4
-3011
3 (base 15) to base 8
3
2303 (base 4) to base 10
179
Convert 1 (base 16) to base 15.
1
What is 1012 (base 4) in base 14?
50
d1 (base 14) to base 6
503
-12 (base 5) to base 9
-7
Convert -2 (base 14) to base 2.
-10
Convert 1 (base 3) to base 8.
1
-1 (base 3) to base 4
-1
What is -3 (base 9) in base 12?
-3
1000 (base 2) to base 9
8
-51 (base 6) to base 4
-133
What is -3 (base 6) in base 3?
-10
What is -1111 (base 3) in base 16?
-28
1000110 (base 2) to base 11
64
Convert -4 (base 13) to base 10.
-4
-1 (base 14) to base 6
-1
-10 (base 6) to base 9
-6
100 (base 12) to base 5
1034
What is -302 (base 5) in base 13?
-5c
What is 25 (base 13) in base 11?
29
3 (base 13) to base 2
11
Convert 0 (base 16) to base 4.
0
260 (base 7) to base 16
8c
What is -33 (base 8) in base 11?
-25
What is -34 (base 15) in base 6?
-121
What is 12 (base 5) in base 3?
21
Convert 3 (base 6) to base 4.
3
Convert -a3 (base 13) to base 10.
-133
What is -45 (base 16) in base 8?
-105
What is 1012 (base 4) in base 7?
130
Convert -36 (base 7) to base 4.
-123
-2e (base 16) to base 2
-101110
Convert -4 (base 9) to base 8.
-4
What is -10 (base 3) in base 13?
-3
-2 (base 16) to base 5
-2
-4 (base 12) to base 4
-10
What is 71 (base 14) in base 10?
99
-19 (base 14) to base 9
-25
Convert 21 (base 4) to base 5.
14
-2 (base 13) to base 14
-2
-4 (base 12) to base 3
-11
-31 (base 16) to base 2
-110001
10 (base 2) to base 5
2
What is 21022 (base 3) in base 14?
101
Convert 1 (base 4) to base 7.
1
Convert -10 (base 2) to base 5.
-2
Convert -8 (base 10) to base 3.
-22
What is 7b (base 14) in base 5?
414
Convert -101212 (base 3) to base 14.
-16d
What is -c (base 16) in base 6?
-20
What is 11 (base 10) in base 9?
12
-101001 (base 2) to base 11
-38
Convert -22 (base 6) to base 10.
-14
Convert -5 (base 11) to base 9.
-5
What is -310 (base 5) in base 6?
-212
What is -43 (base 7) in base 14?
-23
Convert 1 (base 8) to base 9.
1
What is -2 (base 11) in base 2?
-10
What is 13 (base 12) in base 5?
30
Convert 1000 (base 3) to base 4.
123
What is -21 (base 15) in base 11?
-29
Convert 2 (base 6) to base 16.
2
What is 1 (base 13) in base 4?
1
Convert 23 (base 6) to base 11.
14
11 (base 6) to base 13
7
-1a (base 15) to base 16
-19
What is -a9 (base 13) in base 8?
-213
What is -1101110 (base 2) in base 5?
-420
What is 3 (base 6) in base 5?
3
Convert -11101 (base 2) to base 16.
-1d
-1111 (base 2) to base 16
-f
What is 20 (base 11) in base 15?
17
What is 3 (base 4) in base 14?
3
24 (base 6) to base 11
15
Convert 10 (base 3) to base 6.
3
-2 (base 7) to base 16
-2
What is -31 (base 13) in base 14?
-2c
What is -143 (base 5) in base 16?
-30
-116 (base 8) to base 16
-4e
Convert 1 (base 6) to base 14.
1
Convert -20 (base 4) to base 3.
-22
Convert 1 (base 8) to base 15.
1
What is -1010 (base 6) in base 12?
-166
Convert 1a (base 14) to base 15.
19
Convert 101101 (base 2) to base 16.
2d
Convert -10001 (base 2) to base 6.
-25
What is 21 (base 3) in base 16?
7
What is 22 (base 13) in base 7?
40
What is -2 (base 6) in base 8?
-2
Convert -1130 (base 4) to base 15.
-62
What is 13 (base 6) in base 7?
12
What is 111000 (base 2) in base 11?
51
-17 (base 9) to base 6
-24
5 (base 14) to base 16
5
Convert 51 (base 6) to base 7.
43
Convert 0 (base 13) to base 10.
0
Convert 2 (base 11) to base 7.
2
What is -4 (base 7) in base 5?
-4
What is -101 (base 2) in base 14?
-5
Convert -5 (base 16) to base 15.
-5
What is 1b (base 15) in base 16?
1a
Convert -8 (base 9) to base 14.
-8
What is 6 (base 15) in base 12?
6
Convert -300 (base 5) to base 11.
-69
What is -48 (base 11) in base 13?
-40
Convert -13 (base 10) to base 3.
-111
Convert -535 (base 6) to base 2.
-11001011
3 (base 10) to base 5
3
What is 3 (base 16) in base 10?
3
6 (base 16) to base 12
6
Convert -5 (base 7) to base 16.
-5
What is -21 (base 7) in base 3?
-120
Convert -17 (base 9) to base 6.
-24
What is 193 (base 10) in base 13?
11b
10101 (base 2) to base 5
41
Convert -3 (base 11) to base 13.
-3
What is -10 (base 12) in base 9?
-13
Convert 0 (base 4) to base 10.
0
22 (base 16) to base 8
42
164 (base 7) to base 9
115
What is -87 (base 9) in base 12?
-67
22 (base 10) to base 15
17
What is -2 (base 6) in base 8?
-2
What is 173 (base 10) in base 6?
445
101001 (base 2) to base 7
56
Convert 0 (base 5) to base 6.
0
Convert 3 (base 5) to base 12.
3
What is 21 (base 5) in base 8?
13
Convert -5 (base 11) to base 5.
-10
1 (base 7) to base 14
1
What is 3 (base 12) in base 16?
3
Convert -1320 (base 4) to base 2.
-1111000
What is 1 (base 2) in base 15?
1
What is 1010 (base 2) in base 15?
a
-1022 (base 3) to base 15
-25
What is -a (base 11) in base 5?
-20
10c (base 14) to base 6
544
-39 (base 13) to base 4
-300
1a (base 16) to base 8
32
What is 41 (base 5) in base 7?
30
What is 1 (base 11) in base 16?
1
-50 (base 11) to base 13
-43
What is 0 (base 3) in base 14?
0
What is 13 (base 7) in base 16?
a
13 (base 13) to base 3
121
Convert -5 (base 15) to base 13.
-5
What is 6 (base 10) in base 11?
6
-3 (base 13) to base 12
-3
a (base 11) to base 6
14
What is 0 (base 10) in base 6?
0
What is 9 (base 13) in base 15?
9
Convert 23 (base 4) to base 5.
21
Convert -32 (base 15) to base 7.
-65
Convert 9 (base 11) to base 16.
9
Convert 0 (base 3) to base 13.
0
4 (base 7) to base 12
4
Convert -8 (base 9) to base 2.
-1000
Convert -128 (base 9) to base 6.
-255
What is -234 (base 9) in base 12?
-141
7 (base 12) to base 4
13
Convert a (base 16) to base 5.
20
What is -2 (base 9) in base 7?
-2
What is -44 (base 6) in base 12?
-24
What is 69 (base 16) in base 13?
81
What is 1 (base 16) in base 9?
1
-6 (base 14) to base 4
-12
Convert -4 (base 7) to base 6.
-4
Convert -1 (base 5) to base 12.
-1
3 (base 5) to base 10
3
What is 10b (base 13) in base 11?
154
101 (base 15) to base 9
271
What is 13 (base 4) in base 5?
12
Convert -29 (base 13) to base 11.
-32
What is 29 (base 10) in base 11?
27
Convert -56 (base 9) to base 15.
-36
Convert 49 (base 11) to base 5.
203
Convert 35 (base 8) to base 6.
45
-124 (base 5) to base 10
-39
What is 113 (base 6) in base 13?
36
What is 2 (base 12) in base 15?
2
Convert 11 (base 15) to base 5.
31
Convert -5 (base 15) to base 9.
-5
-44 (base 12) to base 13
-40
Convert -14 (base 10) to base 16.
-e
What is -a (base 13) in base 6?
-14
-101 (base 3) to base 12
-a
-6 (base 14) to base 5
-11
Convert -15 (base 6) to base 2.
-1011
What is -2 (base 11) in base 2?
-10
1 (base 7) to base 5
1
What is -8 (base 9) in base 8?
-10
What is -12 (base 3) in base 9?
-5
What is 2 (base 10) in base 8?
2
What is -1 (base 3) in base 2?
-1
-6 (base 10) to base 2
-110
What is 20 (base 13) in base 4?
122
16 (base 14) to base 15
15
What is 11 (base 16) in base 14?
13
-1 (base 3) to base 14
-1
What is 11 (base 5) in base 16?
6
Convert -3 (base 8) to base 10.
-3
What is 0 (base 3) in base 7?
0
What is 2 (base 15) in base 4?
2
What is -1111001 (base 2) in base 13?
-94
Convert 3 (base 7) to base 12.
3
Convert -7 (base 12) to base 11.
-7
What is 32 (base 15) in base 2?
101111
What is 21 (base 8) in base 12?
15
Convert 0 (base 13) to base 9.
0
What is -2e (base 16) in base 14?
-34
-52 (base 6) to base 13
-26
What is 20 (base 3) in base 9?
6
-1240 (base 5) to base 9
-236
-24 (base 8) to base 9
-22
-145 (base 8) to base 16
-65
-12202 (base 3) to base 8
-233
Convert -5 (base 8) to base 10.
-5
-213 (base 7) to base 11
-99
Convert 53 (base 7) to base 4.
212
What is -333 (base 4) in base 16?
-3f
What is -46 (base 11) in base 13?
-3b
-4 (base 14) to base 3
-11
-25 (base 6) to base 9
-18
Convert -3 (base 12) to base 13.
-3
What is 109 (base 12) in base 14?
ad
What is 15 (base 16) in base 11?
1a
Convert 2 (base 9) to base 16.
2
Convert 1200 (base 3) to base 14.
33
-22 (base 6) to base 3
-112
What is 10 (base 12) in base 6?
20
46 (base 8) to base 15
28
0 (base 10) to base 11
0
10 (base 4) to base 12
4
What is 203 (base 10) in base 11?
175
Convert 0 (base 8) to base 3.
0
What is -276 (base 8) in base 11?
-163
Convert 136 (base 14) to base 13.
15a
31 (base 8) to 